Let t(d) = 135*d + 5701. Calculate t(-42).
31
Let l(q) = q**3 - 20*q**2 + 64*q + 43. Determine l(5).
-12
Let z(v) = -396*v - 2372. What is z(-6)?
4
Let u(j) = -155*j + 6048. Determine u(39).
3
Let w(n) = -n**3 + 39*n**2 - 309*n - 14. Calculate w(28).
-42
Let r(b) = -2*b**3 - 9*b**2 - 2*b - 40. Determine r(-5).
-5
Let j(h) = -139*h**2 + 1130*h - 140. Determine j(8).
4
Let a(b) = -b**2 - 9*b + 5. Calculate a(-6).
23
Let t(o) = -5*o**3 - 5*o**2 + 11*o + 15. Give t(4).
-341
Let h(l) = 19*l - 1133. What is h(61)?
26
Let z(a) = -135*a - 1584. Calculate z(-11).
-99
Let j(p) = -p**3 - 6*p**2 + 55*p + 318. Calculate j(-6).
-12
Let o(i) = -21*i**2 - 1597*i - 42. What is o(-76)?
34
Let f(n) = 75*n**2 - 975*n - 1. Determine f(13).
-1
Let j(m) = -m**3 + 3*m**2 - 188*m + 952. Determine j(5).
-38
Let v(r) = -r**2 - 72*r - 202. What is v(-69)?
5
Let f(w) = 22*w - 995. What is f(47)?
39
Let d(s) = -s**2 + 260*s + 5906. Determine d(-21).
5
Let v(r) = -3*r**3 - r**2 + 6*r - 2. Determine v(2).
-18
Let x(k) = -59*k + 1644. Determine x(28).
-8
Let y(h) = -h**3 - 27*h**2 + 6*h + 64. Give y(-27).
-98
Let j(x) = 11910*x + 11906. What is j(-1)?
-4
Let g(a) = 29*a**2 + 434*a + 32. What is g(-15)?
47
Let d(r) = -4*r**3 + 5*r**2 - 5*r + 14. What is d(0)?
14
Let l(i) = -17*i**2 + 212*i - 628. Determine l(5).
7
Let m(x) = -7*x**3 - 2*x**2 - 1419*x + 1422. Calculate m(1).
-6
Let o(y) = 6632*y - 5. Give o(0).
-5
Let w(b) = -149*b - 4043. Give w(-27).
-20
Let s(b) = 3*b**2 - 32*b + 96. Calculate s(6).
12
Let d(h) = 4*h - 121. Give d(20).
-41
Let t(l) = -2*l**3 + 15*l**2 + 47*l + 2. Give t(9).
182
Let l(q) = -q**2 + 42*q - 385. What is l(26)?
31
Let m(t) = -140*t + 4476. Give m(32).
-4
Let m(a) = -3*a**2 + 3*a + 10. Give m(3).
-8
Let n(b) = 175*b - 7699. Determine n(44).
1
Let g(i) = -i - 26. What is g(-28)?
2
Let t(y) = -6*y**3 - 5*y**2 - 17*y - 32. Determine t(-4).
340
Let u(d) = -d**3 - 20*d**2 - 56*d - 29. Determine u(-7).
-274
Let g(q) = 9*q**2 - 301*q + 134. What is g(33)?
2
Let b(v) = -61*v - 2869. Calculate b(-47).
-2
Let w(k) = k**3 - 67*k**2 + 1071*k - 145. What is w(26)?
-15
Let p(u) = -24*u + 391. Determine p(22).
-137
Let z(h) = -30*h**2 - 52*h + 15. Determine z(-2).
-1
Let w(v) = -4*v**2 + 19*v + 20. Determine w(5).
15
Let a(c) = c**3 + 12*c**2 + 31*c + 2. Calculate a(-6).
32
Let y(o) = -79*o + 1190. Determine y(15).
5
Let u(l) = -l**2 - 110*l + 945. What is u(8)?
1
Let j(z) = -18*z - 50. Give j(-9).
112
Let r(v) = -v**3 + 14*v**2 - 23*v - 22. Determine r(12).
-10
Let v(a) = -a**2 - 6*a + 340. Give v(-24).
-92
Let q(s) = -92*s**2 - 754*s. Calculate q(-8).
144
Let s(x) = x**3 - 10*x**2 - 15*x + 96. What is s(7)?
-156
Let p(i) = i**2 + 67*i + 377. Calculate p(-56).
-239
Let g(o) = -5*o**2 + 175*o - 42. What is g(35)?
-42
Let v(r) = -2*r**3 + 132*r**2 - 125*r - 324. Give v(65).
1
Let o(u) = -2*u**3 + 10*u**2 - 20*u + 16. Calculate o(3).
-8
Let o(b) = b**2 + 239*b - 522. Calculate o(-241).
-40
Let s(h) = -h**3 + 6*h**2 + 23*h + 22. Calculate s(8).
78
Let i(b) = 6*b**3 - 13*b**2 + 44*b - 3. Give i(4).
349
Let z(n) = -11*n - 444. What is z(-40)?
-4
Let y(o) = -318*o - 33. Calculate y(1).
-351
Let x(j) = j**2 - 13*j - 34. What is x(15)?
-4
Let x(i) = -7*i**2 + 62*i - 120. Calculate x(6).
0
Let u(c) = c**2 - 61*c + 717. Determine u(24).
-171
Let f(i) = -5*i**2 - 33*i + 110. Calculate f(3).
-34
Let t(x) = -3*x**3 - 3*x**2 - 45*x - 89. What is t(-2)?
13
Let d(m) = 505*m + 78280. Give d(-155).
5
Let o(f) = -899*f + 19761. Give o(22).
-17
Let s(g) = -2*g**3 + 85*g**2 + 50*g - 306. Determine s(43).
-5
Let x(i) = -27*i - 1443. Give x(-59).
150
Let z(s) = 2*s**2 - 233*s + 339. Give z(115).
-6
Let u(j) = 4*j**2 + 78*j - 400. Give u(5).
90
Let r(l) = -62*l - 320. Give r(-6).
52
Let k(o) = -o**2 - 4*o + 72. What is k(7)?
-5
Let l(j) = -162*j - 666. Calculate l(-4).
-18
Let y(z) = z**3 - 2*z**2 + 1846*z - 5538. Give y(3).
9
Let g(n) = -n**3 + 14*n**2 + 32*n - 223. Give g(15).
32
Let q(u) = -1015*u + 4. Give q(0).
4
Let d(p) = -2*p**3 + 11*p**2 + 9*p - 63. Give d(5).
7
Let z(q) = 6*q**2 - 20*q + 167. What is z(7)?
321
Let f(u) = -u**2 - 4*u - 65. Calculate f(-9).
-110
Let h(m) = 2*m**2 - 56*m - 196. What is h(31)?
-10
Let x(z) = -z**3 + 16*z**2 - 54*z + 15. Determine x(12).
-57
Let y(h) = -122*h + 4264. Calculate y(35).
-6
Let q(c) = 78*c**2 + 44*c + 43. What is q(-1)?
77
Let f(r) = r**2 + 3327*r + 26546. What is f(-8)?
-6
Let w(x) = 3*x**2 + 154*x + 103. What is w(-52)?
207
Let h(i) = -i**3 + 19*i**2 - 46*i + 13. Give h(0).
13
Let s(d) = 2*d + 148. Give s(-13).
122
Let k(o) = 45*o + 36. What is k(0)?
36
Let a(x) = x**3 - 76*x - 152. What is a(-2)?
-8
Let p(m) = -2*m**2 + 29*m - 102. Give p(6).
0
Let q(d) = -350*d + 8622. Give q(25).
-128
Let w(h) = -35*h**2 - 74*h + 76. Determine w(1).
-33
Let q(t) = 2*t**2 + 61*t - 13. Calculate q(-27).
-202
Let x(v) = -47*v**3 - 40*v**2 - 43*v - 6. What is x(-1)?
44
Let o(j) = 14*j + 33. What is o(-3)?
-9
Let x(b) = b**2 - 57*b + 63. What is x(54)?
-99
Let b(p) = -17*p**3 + 3*p**2 - 10*p - 3. Determine b(2).
-147
Let h(y) = 2*y**2 + 372*y - 4313. What is h(11)?
21
Let p(l) = 3*l**2 + 138*l - 133. Give p(-47).
8
Let v(r) = -r**3 - 24*r**2 - 21*r + 42. Determine v(-23).
-4
Let m(w) = -2*w**3 + 13*w**2 + 8*w - 11. What is m(7)?
-4
Let s(z) = 2*z**3 - 127*z**2 - 195*z + 2. Determine s(65).
2
Let i(j) = j**2 - 113*j + 323. Give i(110).
-7
Let m(c) = -c**3 - 16*c**2 - 43*c - 91. Calculate m(-15).
329
Let h(c) = -c**3 - 7*c**2 + 141*c + 431. Determine h(-3).
-28
Let a(t) = 87*t**2 - 112*t + 112. Calculate a(1).
87
Let j(a) = -a**2 + 30*a + 104. Give j(33).
5
Let d(n) = -830*n + 1655. Determine d(2).
-5
Let q(d) = -33*d**2 + 4*d - 5. What is q(1)?
-34
Let n(p) = -29*p + 482. What is n(18)?
-40
Let g(l) = 22*l + 431. Calculate g(-19).
13
Let o(k) = -k**3 + 4*k**2 + 3*k - 11. Calculate o(3).
7
Let i(z) = -z**3 - 2*z**2 + 36*z + 10. What is i(-6)?
-62
Let n(p) = 7*p**3 - 19*p**2 + 53*p - 7. What is n(3)?
170
Let g(h) = 8*h**3 + 22*h**2 - 6*h + 6. Calculate g(-3).
6
Let y(d) = 29*d**3 - 7*d**2 - 20*d - 9. Calculate y(-2).
-229
Let u(y) = 2*y**3 + 16*y**2 - 7. What is u(-6)?
137
Let x(t) = -t**3 - 13*t**2 - 50*t - 143. Determine x(-6).
-95
Let g(z) = -21*z**2 - 2454*z + 339. What is g(-117)?
-12
Let o(n) = -57*n + 169. Calculate o(4).
-59
Let o(f) = -f**2 + 28*f - 165. Determine o(13).
30
Let v(j) = -j**2 - 21*j + 81. Calculate v(-25).
-19
Let p(h) = 640*h - 2691. Give p(5).
509
Let g(p) = 3*p**2 + 173*p + 1612. Give g(-46).
2
Let t(j) = 567*j - 6813. Give t(12).
-9
Let r(l) = -48*l - 1639. Give r(-35).
41
Let k(v) = 39*v + 30. Calculate k(0).
30
Let m(f) = -273*f - 1106. Calculate m(-4).
-14
Let y(u) = -u**2 - u + 169. What is y(9)?
79
Let g(j) = j**2 - 80*j - 333. Calculate g(-4).
3
Let a(g) = -g**2 + 31*g - 158. Give a(12).
70
Let g(p) = 204*p - 3059. Calculate g(15).
1
Let r(t) = 205*t**2 - 198*t. What is r(1)?
7
Let h(w) = -2*w**3 - 39*w**2 + 30*w + 27. Give h(-20).
-173
Let o(v) = -278*v - 29192. Determine o(-105).
-2
Let p(g) = 66*g - 333. Calculate p(10).
327
Let g(c) = -4*c**2 - 5*c + 29. Determine g(3).
-22
Let c(q) = -2950*q + 4. Determine c(0).
4
Let v(u) = -u**3 + 14*u**2 + 237*u + 79. Calculate v(24).
7
Let y(v) = -2*v**3 + 23*v**2 - 9*v - 40. What is y(11)?
-18
Let w(g) = 7*g**2 - 23*g + 43. Determine w(7).
225
Let x(i) = 158*i - 482. Determine x(5).
308
Let i(y) = 261*y**2 + 2871*y - 1. Calculate i(-11).
-1
Let z(y) = 38*y**2 + 3*y + 3. Calculate z(3).
354
Let q(n) = 2*n**3 - 35*n**2 + 147*n + 5. Calculate q(11).
49
Let f(u) = 14*u - 247. Calculate f(-7).
-345
Let k(s) = 36*s + 1486. Calculate k(-41).
10
Let w(k) = -k**3 - 86*k**2 - 161*k + 598. Determine w(-84).
10
Let p(b) = -b**2 - 63*b + 3580. Give p(-99).
16
Let g(f) = 13*f + 523. Determine g(-16).
315
Let b(m) = 38*m + 5. Calculate b(0).
5
Let j(p) = -p**3 + 49*p**2 - 48*p - 94. What is j(48)?
-94
Let v(t) = 2*t**2 - 82*t - 138. What is v(43)?
34
Let v(a) = -a**3 + 29*a**2 - 191*a - 2. Determine v(19).
-21
Let c(r) = -r**2 + 21*r - 99. Give c(6).
-9
Let i(f) = -3*f**2 + 144*f + 244. Determine i(53).
-551
Let m(n) = 46*n - 3208. What is m(70)?
12
Let z(c) = -104*c - 1194. Calculate z(-11).
-50
Let y(x) = x**3 - 225*x**2 + 1314*x - 12. Determine y(6).
-12
Let b(x) = 11430*x - 262888. G